s the highest common divisor of 3 and o?
3
Let u be 6*(-16)/(-3) - -2. Let k = -10 + u. Calculate the greatest common factor of k and 36.
12
Let p(c) = c + 7. Let n be p(5). Suppose -n = -2*k - k - 3*r, 0 = -3*r. Let h be (16/(-5))/(k/(-20)). Calculate the greatest common factor of 8 and h.
8
Let f(u) = -u**2 - u. Let k be f(-1). Let o = k + 2. Let q be 46/6 + o/6. Calculate the greatest common factor of 56 and q.
8
Let p = -53 - -89. Let f(a) = a**3 + 54. Let t be f(0). Calculate the highest common factor of p and t.
18
Let i(w) = -3*w**3 - 2*w**2 - w. Let f be i(-1). Let o be 3 - 12/f - -3. Suppose o = b - 3*b + 16. What is the greatest common divisor of 4 and b?
4
Let b(f) = f**3 - 8*f**2 - 6*f - 3. Let x(t) = -t**3 - t**2 + 2*t - 3. Let g be x(-3). Let j be b(g). What is the highest common factor of 3 and j?
3
Suppose 0 = -o - 0*o + 18. Calculate the greatest common factor of o and 12.
6
Suppose 12 - 68 = -4*u. Let i = u - 11. What is the highest common divisor of i and 6?
3
Let f be (-3)/7 + (-336)/(-98). Let p be 2 - 3 - -2 - -607. Suppose -r = f*r - p. Calculate the greatest common factor of 19 and r.
19
Let b = 278 - 70. What is the greatest common divisor of 26 and b?
26
Suppose 2*b + d - 61 = -6, -5*b = d - 139. Suppose 3 + 1 = g. What is the highest common factor of b and g?
4
Let q(n) = -2*n + 10. Suppose 5*s - 16 = -51. Let z be q(s). What is the greatest common factor of 16 and z?
8
Let s(w) = 15*w - 40. Let c be s(12). What is the greatest common factor of 56 and c?
28
Suppose -3*j = 2*j - 25. Suppose -j*k = -0*k - 160. Let r = -53 + 61. Calculate the greatest common divisor of r and k.
8
Let v = 30 + 50. Suppose -5*r = -145 - v. What is the greatest common divisor of r and 15?
15
Let n(m) = m - 3. Let l be n(4). Let r be (l + -4)*96/(-3). What is the greatest common factor of 24 and r?
24
Let z be 5 - 0/(-8) - -10. Let r be 8/3 + (-2)/(-6). What is the highest common divisor of z and r?
3
Let y be (24/(-9) - -5)*36. Calculate the greatest common factor of 12 and y.
12
Let g = -1 + 5. Suppose 4*q + 4*k - 30 = 2*q, -2*k = -g*q + 90. Calculate the highest common factor of 7 and q.
7
Let k(y) = 12*y - 4. Let g be k(3). Calculate the highest common divisor of g and 8.
8
Let i be ((-6)/4)/((-2)/12). Let m be ((-18)/8)/(i/(-168)). Suppose 0 = d - m - 54. Calculate the greatest common factor of d and 12.
12
Suppose 2*w + 32 = 6*w. Let v(h) = -22*h - 2. Let f be v(-3). Calculate the highest common divisor of w and f.
8
Let b(i) = -7*i**3 - 3*i**2 + 2*i. Let y be b(-3). Suppose 4*k = y + 164. Suppose -7*u + k = -2*u. What is the greatest common divisor of 24 and u?
8
Let r(t) = -2*t**3 - 2*t + 4. Let g be r(-3). Let i(s) = -s**2 - 9*s + 8. Let o be (-26)/3 + 4/6. Let w be i(o). What is the highest common divisor of g and w?
16
Suppose b + 3*b + 3*d = 8, 0 = -4*d - 16. Suppose 21 = 5*n + t - 24, -b*n + 20 = -4*t. What is the greatest common divisor of n and 1?
1
Suppose 0 = 4*o - 5*c - 43, -o = 2*o - 5*c - 36. Let i be (1 - -1) + 3 + 51. What is the greatest common factor of i and o?
7
Let c be (12 + 0)*1 - 0. Let x(m) = 3*m + 3. Let n be x(-4). Let o be n/(-12) - 1050/(-8). What is the highest common factor of c and o?
12
Let g be (-10)/(-5) + (32 - -1). Let v = 1 + g. Calculate the greatest common factor of 12 and v.
12
Suppose 27 = 5*o - 2*o. Let j be 30/o*18/10. What is the greatest common factor of 18 and j?
6
Suppose -4*i - 67 = -19. Let t(d) = -d**3 - 8*d**2 - 5*d - 4. Let u be t(-7). Let c be 3/u - 14/i. What is the highest common divisor of c and 11?
1
Let c be (-53)/4 + 1/4. Let h = -8 - c. Let o be ((-10)/4)/(2/(-20)). What is the highest common divisor of h and o?
5
Let a(s) = s**3 + 6*s**2 + 5*s + 2. Let n be a(-4). Let y = 176 - 120. Calculate the highest common factor of n and y.
14
Suppose l + 92 = 4*q - l, 0 = q + 4*l - 32. Suppose -f + q = f. Calculate the greatest common factor of f and 30.
6
Let o be 1/(-2) + (-5)/(-2). Let q be 2 - (o + -1 + -9). What is the highest common divisor of q and 25?
5
Let p = 4 + -1. Suppose -p*a = -2*a, -2*o = -a. Suppose 0*w - w + 8 = o. What is the highest common factor of 88 and w?
8
Let k(f) = f + 8. Let z be k(6). Suppose 4*v + 1 - 9 = 0. Suppose -4*c = l + v*l - 78, -2*l = 4. Calculate the highest common divisor of c and z.
7
Let d be -2 + 40/(1/(-1)). Let k = -22 - d. Let p(h) = 26*h**2 - 2*h. Let f be p(2). What is the highest common factor of f and k?
20
Suppose 4*f + 96 = 2*w - 62, 152 = 2*w + 2*f. Let p(s) = -s**3 - 6*s**2 - 8*s - 4. Let k be p(-5). Calculate the greatest common divisor of k and w.
11
Suppose 0 = -5*f + 4*f + 82. Suppose -3*h + 3*r = -f - 53, 0 = -5*h + 4*r + 225. Let y be (15/(-6) + 3)*10. Calculate the greatest common divisor of y and h.
5
Suppose 4*w = 68 - 12. Calculate the highest common divisor of w and 126.
14
Suppose 5*a = -16 + 41, 3*a = 3*q - 42. Suppose 0 = -2*v - j - 3*j + 364, v - 4*j = 206. Suppose -3*m + v = -m. Calculate the greatest common factor of m and q.
19
Suppose -v = -2*v + 2. Calculate the greatest common divisor of v and 18.
2
Let r = 96 - -21. Calculate the greatest common divisor of 13 and r.
13
Suppose -5*u - v - 12 + 46 = 0, -4*u + 32 = 2*v. What is the greatest common divisor of 2 and u?
2
Let v be 18 - (-2)/((-6)/9). What is the greatest common divisor of 3 and v?
3
Let a(c) = -25*c. Let i be a(-7). What is the highest common factor of 25 and i?
25
Let x(w) = w - 23. Let s(o) = -2*o + 47. Let n(p) = -6*s(p) - 13*x(p). Let k be 4/3*12/2. Let d be n(k). Calculate the greatest common divisor of d and 72.
9
Let i(g) = -g + 5. Let h be i(5). Let k(j) = -j - 21. Let p be k(h). Let b = 36 + p. Calculate the highest common factor of b and 15.
15
Suppose 0 = -3*f - 0*f + 9. Suppose 0 = f*d - 2*d - 6. Let g(w) = 2*w - 9. Let p be g(6). Calculate the greatest common factor of d and p.
3
Let c = -36 + 38. Suppose 0 = -r + 12 - 2. What is the greatest common divisor of c and r?
2
Let v = 5 - 5. Suppose -4*s - 3 + 71 = v. Calculate the greatest common factor of 119 and s.
17
Suppose 34 = 2*l - 0*l. Suppose -6*f - 612 = -10*f. Calculate the highest common divisor of f and l.
17
Let w(i) = i + 7. Let u be w(-3). Suppose 2*h - 5*z = 185, -368 = -u*h - 2*z - 10. What is the greatest common factor of 10 and h?
10
Suppose 0 = 3*i - 0*i - 42. Calculate the greatest common divisor of 35 and i.
7
Let s(k) = k**3 - 10*k**2 + k - 4. Let t be s(10). Let p be 18/(-27) - (-10)/t. What is the greatest common divisor of 3 and p?
1
Let u(x) = x**2 - 5*x + 4. Let b be u(5). Let k = -15 - -22. Let i be k + (-1)/(0 - -1). Calculate the greatest common divisor of b and i.
2
Suppose 0 = -z + 2 - 0. Suppose r - 51 = -3*t - z*r, 3 = -r. What is the greatest common divisor of 5 and t?
5
Let f(h) = -h + 14. Let y be f(10). Let b = 13 + -7. Let z = b + y. Calculate the greatest common factor of z and 10.
10
Let t be 10*((-15)/6 - -2). Let d = t - -13. Let p = 16 + d. Calculate the highest common divisor of p and 60.
12
Let w(r) = 4*r**2 + 3*r + 22. Let k be w(-9). What is the greatest common factor of 29 and k?
29
Let k(l) = 19*l - 2. Let u be k(1). Calculate the greatest common factor of u and 85.
17
Suppose -74 - 66 = -4*v. What is the greatest common divisor of v and 105?
35
Let j = 9 - 4. Suppose -19 = -p - j*t, -5*p + 2*t + 18 = -77. Let o = p + -9. Calculate the highest common divisor of 40 and o.
10
Let r be -2*(3 + 70/(-4)). Suppose 3*h - r = 97. Calculate the greatest common divisor of h and 105.
21
Suppose -g + 9 - 2 = 0. Let u be (-55)/22*56/(-5). Calculate the highest common factor of g and u.
7
Let f = -18 - -108. Suppose -3*k + 5*r = 6*r - 54, -5*k + f = 2*r. Calculate the greatest common divisor of 18 and k.
18
Let f(m) = -m**3 + 10*m**2 + 12*m - 5. Suppose -5*g = 4*j - j - 46, 0 = 3*g - 2*j - 39. Let n be f(g). Calculate the highest common factor of n and 24.
6
Suppose 0 = w - 8*w + 133. Calculate the highest common factor of w and 152.
19
Let a(c) = 24*c + 8. Let q be a(5). Calculate the greatest common factor of q and 16.
16
Let f(u) = u**3 - 2*u**2 + u - 4. Let y be f(3). Calculate the highest common divisor of 72 and y.
8
Suppose 2*f + f - 30 = 0. Let v be f*(2 + 1 + -1). Let m(i) = -i + 4. Let r be m(-6). What is the greatest common divisor of v